{"id":2,"date":"2024-06-25T19:02:32","date_gmt":"2024-06-25T19:02:32","guid":{"rendered":"https:\/\/rhythmgroup.com.tr\/?page_id=2"},"modified":"2025-01-20T19:19:52","modified_gmt":"2025-01-20T19:19:52","slug":"sample-page","status":"publish","type":"page","link":"https:\/\/rhythmgroup.com.tr\/?page_id=2","title":{"rendered":"Sample Page"},"content":{"rendered":"<div data-colibri-id=\"2-c1\" class=\"style-411 style-local-2-c1 position-relative\">\n  <!---->\n  <div data-colibri-component=\"section\" data-colibri-id=\"2-c2\" id=\"features\" class=\"h-section h-section-global-spacing d-flex align-items-lg-center align-items-md-center align-items-center style-445 style-local-2-c2 position-relative\">\n    <!---->\n    <!---->\n    <div class=\"h-section-grid-container h-section-boxed-container\">\n      <!---->\n      <div data-colibri-id=\"2-c3\" class=\"h-row-container gutters-row-lg-2 gutters-row-md-2 gutters-row-0 gutters-row-v-lg-2 gutters-row-v-md-2 gutters-row-v-2 style-474 style-local-2-c3 position-relative\">\n        <!---->\n        <div class=\"h-row justify-content-lg-center justify-content-md-center justify-content-center align-items-lg-stretch align-items-md-stretch align-items-stretch gutters-col-lg-2 gutters-col-md-2 gutters-col-0 gutters-col-v-lg-2 gutters-col-v-md-2 gutters-col-v-2\">\n          <!---->\n          <div class=\"h-column h-column-container d-flex h-col-lg-auto h-col-md-auto h-col-auto style-475-outer style-local-2-c4-outer\">\n            <div data-colibri-id=\"2-c4\" class=\"d-flex h-flex-basis h-column__inner h-px-lg-2 h-px-md-2 h-px-2 v-inner-lg-2 v-inner-md-2 v-inner-2 style-475 style-local-2-c4 position-relative\">\n              <!---->\n              <!---->\n              <div class=\"w-100 h-y-container h-column__content h-column__v-align flex-basis-100 align-self-lg-start align-self-md-start align-self-start\">\n                <!---->\n                <div data-colibri-id=\"2-c5\" class=\"h-global-transition-all h-heading style-477 style-local-2-c5 position-relative h-element\">\n                  <!---->\n                  <div class=\"h-heading__outer style-477 style-local-2-c5\">\n                    <!---->\n                    <!---->\n                    <h1 class=\"\">Hizmetlerimiz<\/h1>\n                  <\/div>\n                <\/div>\n              <\/div>\n            <\/div>\n          <\/div>\n        <\/div>\n      <\/div>\n      <div data-colibri-id=\"2-c6\" class=\"h-row-container gutters-row-lg-2 gutters-row-md-2 gutters-row-2 gutters-row-v-lg-2 gutters-row-v-md-2 gutters-row-v-2 style-446 style-local-2-c6 position-relative\">\n        <!---->\n        <div class=\"h-row justify-content-lg-center justify-content-md-center justify-content-center align-items-lg-stretch align-items-md-stretch align-items-stretch gutters-col-lg-2 gutters-col-md-2 gutters-col-2 gutters-col-v-lg-2 gutters-col-v-md-2 gutters-col-v-2\">\n          <!---->\n          <div class=\"h-column h-column-container d-flex h-col-lg-4 h-col-md-6 h-col-12 style-447-outer style-local-2-c7-outer\">\n            <div data-colibri-id=\"2-c7\" class=\"d-flex h-flex-basis h-column__inner h-px-lg-0 h-px-md-0 h-px-0 v-inner-lg-0 v-inner-md-0 v-inner-0 style-447 style-local-2-c7 position-relative\">\n              <!---->\n              <!---->\n              <div class=\"w-100 h-y-container h-column__content h-column__v-align flex-basis-100 align-self-lg-start align-self-md-start align-self-start\">\n                <!---->\n                <div data-colibri-id=\"2-c8\" class=\"d-block style-448 style-local-2-c8 position-relative h-element\">\n                  <!---->\n                  <div class=\"h-image__frame-container-outer\">\n                    <div class=\"h-image__frame-container\">\n                      <!---->\n                      <!---->\n                      <img loading=\"lazy\" decoding=\"async\" width=\"612\" height=\"408\" src=\"https:\/\/rhythmgroup.com.tr\/wp-content\/uploads\/2024\/12\/istockphoto-650655146-612x612-1.jpg\" class=\"wp-image-1072 style-448-image style-local-2-c8-image\" alt=\"\" srcset=\"https:\/\/rhythmgroup.com.tr\/wp-content\/uploads\/2024\/12\/istockphoto-650655146-612x612-1.jpg 612w, https:\/\/rhythmgroup.com.tr\/wp-content\/uploads\/2024\/12\/istockphoto-650655146-612x612-1-300x200.jpg 300w\" sizes=\"auto, (max-width: 612px) 100vw, 612px\" \/>\n                      <div class=\"h-image__frame h-hide-lg h-hide-md h-hide-sm style-448-frameImage style-local-2-c8-frameImage\"><\/div>\n                    <\/div>\n                  <\/div>\n                <\/div>\n                <div data-colibri-id=\"2-c9\" class=\"h-global-transition-all h-heading style-449 style-local-2-c9 position-relative h-element\">\n                  <!---->\n                  <div class=\"h-heading__outer style-449 style-local-2-c9\">\n                    <!---->\n                    <!---->\n                    <h4 class=\"\">CATER\u0130NG H\u0130ZMET\u0130M\u0130Z<\/h4>\n                  <\/div>\n                <\/div>\n                <div data-colibri-id=\"2-c10\" class=\"h-text h-text-component style-450 style-local-2-c10 position-relative h-element\">\n                  <!---->\n                  <!---->\n                  <div class=\"\">\n                    <p>Lezzetli men\u00fclerimiz ve hijyenik sunumlar\u0131m\u0131zla her organizasyonun keyifli ve unutulmaz olmas\u0131n\u0131 hedefliyoruz. \u00c7ay-kahve ikramlar\u0131ndan zengin pastalara kadar geni\u015f yelpazemizle, misafirlerinizi en iyi \u015fekilde a\u011f\u0131rlaman\u0131za yard\u0131mc\u0131\n                      oluyoruz.<\/p>\n                    <p>\n                      <br>\n                    <\/p>\n                  <\/div>\n                <\/div>\n                <div data-colibri-id=\"2-c15\" class=\"h-x-container style-517 style-local-2-c15 position-relative h-element\">\n                  <!---->\n                  <div class=\"h-x-container-inner style-dynamic-2-c15-group style-517-spacing style-local-2-c15-spacing\"><span class=\"h-button__outer style-518-outer style-local-2-c16-outer d-inline-flex h-element\"><a h-use-smooth-scroll=\"true\" href=\"\"  data-colibri-id=\"2-c16\" class=\"d-flex w-100 align-items-center h-button justify-content-lg-center justify-content-md-center justify-content-center style-518 style-local-2-c16 position-relative\"><!----><!----> <span>MEN\u00dcM\u00dcZ<\/span><\/a>\n                    <\/span>\n                  <\/div>\n                <\/div>\n              <\/div>\n            <\/div>\n          <\/div>\n          <div class=\"h-column h-column-container d-flex h-col-lg-4 h-col-md-6 h-col-12 style-447-outer style-local-2-c11-outer\">\n            <div data-colibri-id=\"2-c11\" class=\"d-flex h-flex-basis h-column__inner h-px-lg-0 h-px-md-0 h-px-0 v-inner-lg-0 v-inner-md-0 v-inner-0 style-447 style-local-2-c11 position-relative\">\n              <!---->\n              <!---->\n              <div class=\"w-100 h-y-container h-column__content h-column__v-align flex-basis-100 align-self-lg-start align-self-md-start align-self-start\">\n                <!---->\n                <div data-colibri-id=\"2-c12\" class=\"d-block style-448 style-local-2-c12 position-relative h-element\">\n                  <!---->\n                  <div class=\"h-image__frame-container-outer\">\n                    <div class=\"h-image__frame-container\">\n                      <!---->\n                      <!---->\n                      <img loading=\"lazy\" decoding=\"async\" width=\"600\" height=\"400\" src=\"https:\/\/rhythmgroup.com.tr\/wp-content\/uploads\/2024\/12\/depositphotos_27502671-stock-photo-human-resources.webp\" class=\"wp-image-1074 style-448-image style-local-2-c12-image\" alt=\"\" srcset=\"https:\/\/rhythmgroup.com.tr\/wp-content\/uploads\/2024\/12\/depositphotos_27502671-stock-photo-human-resources.webp 600w, https:\/\/rhythmgroup.com.tr\/wp-content\/uploads\/2024\/12\/depositphotos_27502671-stock-photo-human-resources-300x200.webp 300w\" sizes=\"auto, (max-width: 600px) 100vw, 600px\" \/>\n                      <div class=\"h-image__frame h-hide-lg h-hide-md h-hide-sm style-448-frameImage style-local-2-c12-frameImage\"><\/div>\n                    <\/div>\n                  <\/div>\n                <\/div>\n                <div data-colibri-id=\"2-c13\" class=\"h-global-transition-all h-heading style-449 style-local-2-c13 position-relative h-element\">\n                  <!---->\n                  <div class=\"h-heading__outer style-449 style-local-2-c13\">\n                    <!---->\n                    <!---->\n                    <h4 class=\"\">PERSONEL TEDAR\u0130\u011e\u0130 H\u0130ZMET\u0130M\u0130Z<\/h4>\n                  <\/div>\n                <\/div>\n                <div data-colibri-id=\"2-c14\" class=\"h-text h-text-component style-450 style-local-2-c14 position-relative h-element\">\n                  <!---->\n                  <!---->\n                  <div class=\"\">\n                    <p>misafirlerinizi kar\u015f\u0131layacak host ve hostesler, yemekli organizasyonlarda g\u00f6rev alacak garson, komi, bula\u015f\u0131k\u00e7\u0131, barmen ve barista gibi personelleri temin ediyoruz. Organizasyonlar\u0131n\u0131z\u0131n her a\u015famas\u0131nda profesyonel ve kaliteli hizmet\n                      sunarak etkinli\u011finizin kusursuz ge\u00e7mesini sa\u011fl\u0131yoruz.<\/p>\n                    <p>\n                      <br>\n                    <\/p>\n                  <\/div>\n                <\/div>\n              <\/div>\n            <\/div>\n          <\/div>\n        <\/div>\n      <\/div>\n    <\/div>\n  <\/div>\n<\/div>","protected":false},"excerpt":{"rendered":"<p>Hizmetlerimiz CATER\u0130NG H\u0130ZMET\u0130M\u0130Z Lezzetli men\u00fclerimiz ve hijyenik sunumlar\u0131m\u0131zla her organizasyonun keyifli ve unutulmaz [&hellip;]<\/p>\n","protected":false},"author":1,"featured_media":0,"parent":0,"menu_order":0,"comment_status":"closed","ping_status":"open","template":"page-templates\/full-width-page.php","meta":{"footnotes":""},"class_list":["post-2","page","type-page","status-publish","hentry"],"_links":{"self":[{"href":"https:\/\/rhythmgroup.com.tr\/index.php?rest_route=\/wp\/v2\/pages\/2","targetHints":{"allow":["GET"]}}],"collection":[{"href":"https:\/\/rhythmgroup.com.tr\/index.php?rest_route=\/wp\/v2\/pages"}],"about":[{"href":"https:\/\/rhythmgroup.com.tr\/index.php?rest_route=\/wp\/v2\/types\/page"}],"author":[{"embeddable":true,"href":"https:\/\/rhythmgroup.com.tr\/index.php?rest_route=\/wp\/v2\/users\/1"}],"replies":[{"embeddable":true,"href":"https:\/\/rhythmgroup.com.tr\/index.php?rest_route=%2Fwp%2Fv2%2Fcomments&post=2"}],"version-history":[{"count":7,"href":"https:\/\/rhythmgroup.com.tr\/index.php?rest_route=\/wp\/v2\/pages\/2\/revisions"}],"predecessor-version":[{"id":1270,"href":"https:\/\/rhythmgroup.com.tr\/index.php?rest_route=\/wp\/v2\/pages\/2\/revisions\/1270"}],"wp:attachment":[{"href":"https:\/\/rhythmgroup.com.tr\/index.php?rest_route=%2Fwp%2Fv2%2Fmedia&parent=2"}],"curies":[{"name":"wp","href":"https:\/\/api.w.org\/{rel}","templated":true}]}}